{"id":409,"date":"2018-01-29T15:06:26","date_gmt":"2018-01-29T13:06:26","guid":{"rendered":"http:\/\/vlasovapawlica.de\/?page_id=409"},"modified":"2025-04-25T15:10:26","modified_gmt":"2025-04-25T13:10:26","slug":"news-2","status":"publish","type":"page","link":"https:\/\/vlasovapawlica.de\/","title":{"rendered":"SPIELPLAN"},"content":{"rendered":"\n<p>Die n\u00e4chsten Termine unserer St\u00fccke findet Ihr hier.<\/p>\n\n\n\n<p><strong>26.\/27.\/28. APRIL 2025 &#8211;<\/strong> Anna Pavlova <em>Landungsbr\u00fccken Frankfurt<\/em><\/p>\n\n\n\n<p><strong>19. JULI 2025<\/strong> &#8211; Anna Pavlova <em>Festival de la danse contemporaine L\u00e9signac-Durand, FR<\/em><\/p>\n\n\n\n<p><strong>November 2025 <\/strong>&#8211; Krieg in mir (Arbeitstitel, UA) <em>Landungsbr\u00fccken Frankfurt<\/em><\/p>\n\n\n\n<p><em>Foto: DeDa Productions<\/em><\/p>\n\n\n\n<div class=\"wp-block-group alignfull has-subtle-background-background-color has-background\"><div class=\"wp-block-group__inner-container is-layout-flow wp-block-group-is-layout-flow\">\n<div class=\"wp-block-media-text alignwide has-media-on-the-right is-stacked-on-mobile tw-stack-md tw-media-bottom\"><div class=\"wp-block-media-text__content\">\n<h1 class=\"wp-block-heading\">WIR SIND<\/h1>\n\n\n\n<p class=\"has-large-font-size\">Katerina Vlasova und Amadeus Pawlica, ein Choreographen Duo mit Sitz in Frankfurt am Main,<\/p>\n\n\n\n<div class=\"wp-block-buttons is-layout-flex wp-block-buttons-is-layout-flex\">\n<div class=\"wp-block-button\"><a class=\"wp-block-button__link wp-element-button\" href=\"https:\/\/vlasovapawlica.de\/?page_id=31\">MEHR ERFAHREN<\/a><\/div>\n<\/div>\n<\/div><figure class=\"wp-block-media-text__media\"><img loading=\"lazy\" decoding=\"async\" width=\"1024\" height=\"683\" data-attachment-id=\"1214\" data-permalink=\"https:\/\/vlasovapawlica.de\/?attachment_id=1214\" data-orig-file=\"https:\/\/vlasovapawlica.de\/wp-content\/uploads\/2024\/01\/DSCF9906Fruehling_TF_hires-scaled.jpg\" data-orig-size=\"2560,1707\" data-comments-opened=\"0\" data-image-meta=\"{&quot;aperture&quot;:&quot;2&quot;,&quot;credit&quot;:&quot;&quot;,&quot;camera&quot;:&quot;X-Pro2&quot;,&quot;caption&quot;:&quot;&quot;,&quot;created_timestamp&quot;:&quot;1655235741&quot;,&quot;copyright&quot;:&quot;AMAZE&quot;,&quot;focal_length&quot;:&quot;50&quot;,&quot;iso&quot;:&quot;1250&quot;,&quot;shutter_speed&quot;:&quot;0.004&quot;,&quot;title&quot;:&quot;&quot;,&quot;orientation&quot;:&quot;0&quot;}\" data-image-title=\"DSCF9906Fruehling_TF_hires\" data-image-description=\"\" data-image-caption=\"\" data-medium-file=\"https:\/\/vlasovapawlica.de\/wp-content\/uploads\/2024\/01\/DSCF9906Fruehling_TF_hires-300x200.jpg\" data-large-file=\"https:\/\/vlasovapawlica.de\/wp-content\/uploads\/2024\/01\/DSCF9906Fruehling_TF_hires-1024x683.jpg\" src=\"https:\/\/vlasovapawlica.de\/wp-content\/uploads\/2024\/01\/DSCF9906Fruehling_TF_hires-1024x683.jpg\" alt=\"\" class=\"wp-image-1214 size-full\" srcset=\"https:\/\/vlasovapawlica.de\/wp-content\/uploads\/2024\/01\/DSCF9906Fruehling_TF_hires-1024x683.jpg 1024w, https:\/\/vlasovapawlica.de\/wp-content\/uploads\/2024\/01\/DSCF9906Fruehling_TF_hires-300x200.jpg 300w, https:\/\/vlasovapawlica.de\/wp-content\/uploads\/2024\/01\/DSCF9906Fruehling_TF_hires-768x512.jpg 768w, https:\/\/vlasovapawlica.de\/wp-content\/uploads\/2024\/01\/DSCF9906Fruehling_TF_hires-1536x1024.jpg 1536w, https:\/\/vlasovapawlica.de\/wp-content\/uploads\/2024\/01\/DSCF9906Fruehling_TF_hires-2048x1366.jpg 2048w, https:\/\/vlasovapawlica.de\/wp-content\/uploads\/2024\/01\/DSCF9906Fruehling_TF_hires-1200x800.jpg 1200w, https:\/\/vlasovapawlica.de\/wp-content\/uploads\/2024\/01\/DSCF9906Fruehling_TF_hires-1980x1320.jpg 1980w, https:\/\/vlasovapawlica.de\/wp-content\/uploads\/2024\/01\/DSCF9906Fruehling_TF_hires-1320x880.jpg 1320w\" sizes=\"(max-width: 1024px) 100vw, 1024px\" \/><\/figure><\/div>\n<\/div><\/div>\n\n\n\n<div class=\"wp-block-group alignfull has-subtle-background-background-color has-background\"><div class=\"wp-block-group__inner-container is-layout-flow wp-block-group-is-layout-flow\">\n<div class=\"wp-block-media-text alignwide is-stacked-on-mobile tw-stack-md\"><figure class=\"wp-block-media-text__media\"><img loading=\"lazy\" decoding=\"async\" width=\"1024\" height=\"712\" data-attachment-id=\"832\" data-permalink=\"https:\/\/vlasovapawlica.de\/?attachment_id=832\" data-orig-file=\"https:\/\/vlasovapawlica.de\/wp-content\/uploads\/2020\/03\/wr_MGL6236.jpg\" data-orig-size=\"2000,1390\" data-comments-opened=\"0\" data-image-meta=\"{&quot;aperture&quot;:&quot;2.8&quot;,&quot;credit&quot;:&quot;FOTOLOFT MaciejRusinek&quot;,&quot;camera&quot;:&quot;Canon EOS 5DS&quot;,&quot;caption&quot;:&quot;&quot;,&quot;created_timestamp&quot;:&quot;1582748641&quot;,&quot;copyright&quot;:&quot;www.fotoloft-maciejrusinek.de&quot;,&quot;focal_length&quot;:&quot;110&quot;,&quot;iso&quot;:&quot;1000&quot;,&quot;shutter_speed&quot;:&quot;0.01&quot;,&quot;title&quot;:&quot;&quot;,&quot;orientation&quot;:&quot;1&quot;}\" data-image-title=\"wr_MGL6236\" data-image-description=\"\" data-image-caption=\"\" data-medium-file=\"https:\/\/vlasovapawlica.de\/wp-content\/uploads\/2020\/03\/wr_MGL6236-300x209.jpg\" data-large-file=\"https:\/\/vlasovapawlica.de\/wp-content\/uploads\/2020\/03\/wr_MGL6236-1024x712.jpg\" src=\"https:\/\/vlasovapawlica.de\/wp-content\/uploads\/2020\/03\/wr_MGL6236-1024x712.jpg\" alt=\"\" class=\"wp-image-832 size-full\" srcset=\"https:\/\/vlasovapawlica.de\/wp-content\/uploads\/2020\/03\/wr_MGL6236-1024x712.jpg 1024w, https:\/\/vlasovapawlica.de\/wp-content\/uploads\/2020\/03\/wr_MGL6236-300x209.jpg 300w, https:\/\/vlasovapawlica.de\/wp-content\/uploads\/2020\/03\/wr_MGL6236-768x534.jpg 768w, https:\/\/vlasovapawlica.de\/wp-content\/uploads\/2020\/03\/wr_MGL6236-1536x1068.jpg 1536w, https:\/\/vlasovapawlica.de\/wp-content\/uploads\/2020\/03\/wr_MGL6236-1200x834.jpg 1200w, https:\/\/vlasovapawlica.de\/wp-content\/uploads\/2020\/03\/wr_MGL6236-1980x1376.jpg 1980w, https:\/\/vlasovapawlica.de\/wp-content\/uploads\/2020\/03\/wr_MGL6236-1320x917.jpg 1320w, https:\/\/vlasovapawlica.de\/wp-content\/uploads\/2020\/03\/wr_MGL6236.jpg 2000w\" sizes=\"(max-width: 1024px) 100vw, 1024px\" \/><\/figure><div class=\"wp-block-media-text__content\">\n<blockquote class=\"wp-block-quote is-style-large is-layout-flow wp-block-quote-is-layout-flow\">\n<p>&#8222;Wer ihre Arbeiten \u00fcberblickt, bemerkt ein reflektiert dramaturgisches Herangehen an Themen und Werke, das \u201eWinterreise\u201c nicht ausnimmt und geradezu ein Tanz-St\u00fcck aus diesem Tanzst\u00fcck macht. &#8222;<\/p>\n<cite>Markus Hladek, Frankfurter Rundschau<\/cite><\/blockquote>\n<\/div><\/div>\n<\/div><\/div>\n\n\n\n<div class=\"wp-block-group alignfull\"><div class=\"wp-block-group__inner-container is-layout-flow wp-block-group-is-layout-flow\">\n<h2 class=\"wp-block-heading has-text-align-center\">NEUESTE KREATIONEN<\/h2>\n\n\n\n<figure class=\"wp-block-image alignwide size-large tw-mt-8 tw-mb-8\"><img loading=\"lazy\" decoding=\"async\" width=\"1024\" height=\"763\" data-attachment-id=\"1255\" data-permalink=\"https:\/\/vlasovapawlica.de\/?attachment_id=1255\" data-orig-file=\"https:\/\/vlasovapawlica.de\/wp-content\/uploads\/2025\/04\/IMG_8951-scaled.jpg\" data-orig-size=\"2560,1909\" data-comments-opened=\"0\" data-image-meta=\"{&quot;aperture&quot;:&quot;2.8&quot;,&quot;credit&quot;:&quot;FOTOLOFT MaciejRusinek&quot;,&quot;camera&quot;:&quot;Canon EOS 6D&quot;,&quot;caption&quot;:&quot;&quot;,&quot;created_timestamp&quot;:&quot;1745502566&quot;,&quot;copyright&quot;:&quot;\\u00a9 FOTOLOFT MaciejRusinek&quot;,&quot;focal_length&quot;:&quot;75&quot;,&quot;iso&quot;:&quot;200&quot;,&quot;shutter_speed&quot;:&quot;0.0125&quot;,&quot;title&quot;:&quot;&quot;,&quot;orientation&quot;:&quot;1&quot;}\" data-image-title=\"IMG_8951\" data-image-description=\"\" data-image-caption=\"\" data-medium-file=\"https:\/\/vlasovapawlica.de\/wp-content\/uploads\/2025\/04\/IMG_8951-300x224.jpg\" data-large-file=\"https:\/\/vlasovapawlica.de\/wp-content\/uploads\/2025\/04\/IMG_8951-1024x763.jpg\" src=\"https:\/\/vlasovapawlica.de\/wp-content\/uploads\/2025\/04\/IMG_8951-1024x763.jpg\" alt=\"\" class=\"wp-image-1255\" srcset=\"https:\/\/vlasovapawlica.de\/wp-content\/uploads\/2025\/04\/IMG_8951-1024x763.jpg 1024w, https:\/\/vlasovapawlica.de\/wp-content\/uploads\/2025\/04\/IMG_8951-300x224.jpg 300w, https:\/\/vlasovapawlica.de\/wp-content\/uploads\/2025\/04\/IMG_8951-768x573.jpg 768w, https:\/\/vlasovapawlica.de\/wp-content\/uploads\/2025\/04\/IMG_8951-1536x1145.jpg 1536w, https:\/\/vlasovapawlica.de\/wp-content\/uploads\/2025\/04\/IMG_8951-2048x1527.jpg 2048w, https:\/\/vlasovapawlica.de\/wp-content\/uploads\/2025\/04\/IMG_8951-1200x895.jpg 1200w, https:\/\/vlasovapawlica.de\/wp-content\/uploads\/2025\/04\/IMG_8951-1980x1476.jpg 1980w\" sizes=\"(max-width: 1024px) 100vw, 1024px\" \/><\/figure>\n\n\n\n<div class=\"wp-block-columns alignwide tw-mt-8 is-layout-flex wp-container-core-columns-is-layout-1 wp-block-columns-is-layout-flex\">\n<div class=\"wp-block-column is-layout-flow wp-block-column-is-layout-flow\">\n<h3 class=\"wp-block-heading has-h-5-font-size\">ANNA PAVLOVA<br><em style=\"font-weight: bold;\">202<\/em>5<\/h3>\n\n\n\n<p>Anna Pavlova war weit mehr als eine der gr\u00f6\u00dften Ballerinen des 20. Jahrhunderts \u2013 sie war eine Vision\u00e4rin, die mit jeder Bewegung Geschichten erz\u00e4hlte und das klassische Ballett in die Welt hinaustrug. Ihr ikonischer Solo-Tanz <em>Der sterbende Schwan<\/em> bleibt ein zeitloses Symbol f\u00fcr Anmut, Verg\u00e4nglichkeit und die unersch\u00fctterliche Kraft des Ausdrucks.<br>Das St\u00fcck feiert nicht nur die Pionierarbeit Pavlovas, sondern wirft auch einen Blick auf die heutige Tanzwelt: Wie ver\u00e4ndert sich k\u00fcnstlerischer Ausdruck im Laufe der Zeit? Welche Rolle spielt Tanz als universelle Sprache? Und was bedeutet es, sich \u2013 wie Pavlova \u2013 immer wieder neu zu erfinden?<br><\/p>\n\n\n\n<p><a href=\"https:\/\/vlasovapawlica.de\/?page_id=1252\" data-type=\"page\" data-id=\"1252\">MEHR<\/a><\/p>\n<\/div>\n\n\n\n<div class=\"wp-block-column is-layout-flow wp-block-column-is-layout-flow\">\n<h3 class=\"wp-block-heading has-h-5-font-size\">GELD<br><strong><em>202<\/em><\/strong>4<\/h3>\n\n\n\n<p>Was ist Geld? Macht es unser Leben wirklich besser oder ist es der Ursprung vieler unserer Probleme? In einer Welt, in der sich alles um Geld zu drehen scheint, gehen Vlasova\/Pawlica auf eine bewegende Reise durch die Geschichte und Bedeutung von Geld. Mit einer Mischung aus Tanz, Theater und kraftvollen K\u00f6rperbildern hinterfragen sie die Macht des Geldes und werfen die Frage auf: Was w\u00fcrde passieren, wenn Geld pl\u00f6tzlich keine Rolle mehr spielt<\/p>\n\n\n\n<p><a href=\"https:\/\/vlasovapawlica.de\/?page_id=1248\" data-type=\"page\" data-id=\"1248\">MEHR<\/a><\/p>\n<\/div>\n<\/div>\n<\/div><\/div>\n","protected":false},"excerpt":{"rendered":"<p>Die n\u00e4chsten Termine unserer St\u00fccke findet Ihr hier. 26.\/27.\/28. APRIL 2025 &#8211; Anna Pavlova Landungsbr\u00fccken Frankfurt 19. JULI 2025 &#8211; Anna Pavlova Festival de la danse contemporaine L\u00e9signac-Durand, FR November 2025 &#8211; Krieg in mir (Arbeitstitel, UA) Landungsbr\u00fccken Frankfurt Foto: DeDa Productions WIR SIND Katerina Vlasova und Amadeus Pawlica, ein Choreographen Duo mit Sitz in&hellip;<\/p>\n","protected":false},"author":1,"featured_media":1214,"parent":0,"menu_order":0,"comment_status":"closed","ping_status":"closed","template":"templates\/template-cover.php","meta":{"_acf_changed":false,"spay_email":"","footnotes":""},"acf":[],"jetpack_likes_enabled":false,"jetpack_sharing_enabled":false,"jetpack_shortlink":"https:\/\/wp.me\/Pcv3L7-6B","_links":{"self":[{"href":"https:\/\/vlasovapawlica.de\/index.php?rest_route=\/wp\/v2\/pages\/409"}],"collection":[{"href":"https:\/\/vlasovapawlica.de\/index.php?rest_route=\/wp\/v2\/pages"}],"about":[{"href":"https:\/\/vlasovapawlica.de\/index.php?rest_route=\/wp\/v2\/types\/page"}],"author":[{"embeddable":true,"href":"https:\/\/vlasovapawlica.de\/index.php?rest_route=\/wp\/v2\/users\/1"}],"replies":[{"embeddable":true,"href":"https:\/\/vlasovapawlica.de\/index.php?rest_route=%2Fwp%2Fv2%2Fcomments&post=409"}],"version-history":[{"count":8,"href":"https:\/\/vlasovapawlica.de\/index.php?rest_route=\/wp\/v2\/pages\/409\/revisions"}],"predecessor-version":[{"id":1261,"href":"https:\/\/vlasovapawlica.de\/index.php?rest_route=\/wp\/v2\/pages\/409\/revisions\/1261"}],"wp:featuredmedia":[{"embeddable":true,"href":"https:\/\/vlasovapawlica.de\/index.php?rest_route=\/wp\/v2\/media\/1214"}],"wp:attachment":[{"href":"https:\/\/vlasovapawlica.de\/index.php?rest_route=%2Fwp%2Fv2%2Fmedia&parent=409"}],"curies":[{"name":"wp","href":"https:\/\/api.w.org\/{rel}","templated":true}]}}

<p>Die nächsten Termine unserer Stücke findet Ihr hier.</p>



<p><strong>26./27./28. APRIL 2025 &#8211;</strong> Anna Pavlova <em>Landungsbrücken Frankfurt</em></p>



<p><strong>19. JULI 2025</strong> &#8211; Anna Pavlova <em>Festival de la danse contemporaine Lésignac-Durand, FR</em></p>



<p><strong>November 2025 </strong>&#8211; Krieg in mir (Arbeitstitel, UA) <em>Landungsbrücken Frankfurt</em></p>



<p><em>Foto: DeDa Productions</em></p>



<div class="wp-block-group alignfull has-subtle-background-background-color has-background"><div class="wp-block-group__inner-container is-layout-flow wp-block-group-is-layout-flow">
<div class="wp-block-media-text alignwide has-media-on-the-right is-stacked-on-mobile tw-stack-md tw-media-bottom"><div class="wp-block-media-text__content">
<h1 class="wp-block-heading">WIR SIND</h1>



<p class="has-large-font-size">Katerina Vlasova und Amadeus Pawlica, ein Choreographen Duo mit Sitz in Frankfurt am Main,</p>



<div class="wp-block-buttons is-layout-flex wp-block-buttons-is-layout-flex">
<div class="wp-block-button"><a class="wp-block-button__link wp-element-button" href="https://vlasovapawlica.de/?page_id=31">MEHR ERFAHREN</a></div>
</div>
</div><figure class="wp-block-media-text__media"><img loading="lazy" decoding="async" width="1024" height="683" data-attachment-id="1214" data-permalink="https://vlasovapawlica.de/?attachment_id=1214" data-orig-file="https://vlasovapawlica.de/wp-content/uploads/2024/01/DSCF9906Fruehling_TF_hires-scaled.jpg" data-orig-size="2560,1707" data-comments-opened="0" data-image-meta="{&quot;aperture&quot;:&quot;2&quot;,&quot;credit&quot;:&quot;&quot;,&quot;camera&quot;:&quot;X-Pro2&quot;,&quot;caption&quot;:&quot;&quot;,&quot;created_timestamp&quot;:&quot;1655235741&quot;,&quot;copyright&quot;:&quot;AMAZE&quot;,&quot;focal_length&quot;:&quot;50&quot;,&quot;iso&quot;:&quot;1250&quot;,&quot;shutter_speed&quot;:&quot;0.004&quot;,&quot;title&quot;:&quot;&quot;,&quot;orientation&quot;:&quot;0&quot;}" data-image-title="DSCF9906Fruehling_TF_hires" data-image-description="" data-image-caption="" data-medium-file="https://vlasovapawlica.de/wp-content/uploads/2024/01/DSCF9906Fruehling_TF_hires-300x200.jpg" data-large-file="https://vlasovapawlica.de/wp-content/uploads/2024/01/DSCF9906Fruehling_TF_hires-1024x683.jpg" src="https://vlasovapawlica.de/wp-content/uploads/2024/01/DSCF9906Fruehling_TF_hires-1024x683.jpg" alt="" class="wp-image-1214 size-full" srcset="https://vlasovapawlica.de/wp-content/uploads/2024/01/DSCF9906Fruehling_TF_hires-1024x683.jpg 1024w, https://vlasovapawlica.de/wp-content/uploads/2024/01/DSCF9906Fruehling_TF_hires-300x200.jpg 300w, https://vlasovapawlica.de/wp-content/uploads/2024/01/DSCF9906Fruehling_TF_hires-768x512.jpg 768w, https://vlasovapawlica.de/wp-content/uploads/2024/01/DSCF9906Fruehling_TF_hires-1536x1024.jpg 1536w, https://vlasovapawlica.de/wp-content/uploads/2024/01/DSCF9906Fruehling_TF_hires-2048x1366.jpg 2048w, https://vlasovapawlica.de/wp-content/uploads/2024/01/DSCF9906Fruehling_TF_hires-1200x800.jpg 1200w, https://vlasovapawlica.de/wp-content/uploads/2024/01/DSCF9906Fruehling_TF_hires-1980x1320.jpg 1980w, https://vlasovapawlica.de/wp-content/uploads/2024/01/DSCF9906Fruehling_TF_hires-1320x880.jpg 1320w" sizes="(max-width: 1024px) 100vw, 1024px" /></figure></div>
</div></div>



<div class="wp-block-group alignfull has-subtle-background-background-color has-background"><div class="wp-block-group__inner-container is-layout-flow wp-block-group-is-layout-flow">
<div class="wp-block-media-text alignwide is-stacked-on-mobile tw-stack-md"><figure class="wp-block-media-text__media"><img loading="lazy" decoding="async" width="1024" height="712" data-attachment-id="832" data-permalink="https://vlasovapawlica.de/?attachment_id=832" data-orig-file="https://vlasovapawlica.de/wp-content/uploads/2020/03/wr_MGL6236.jpg" data-orig-size="2000,1390" data-comments-opened="0" data-image-meta="{&quot;aperture&quot;:&quot;2.8&quot;,&quot;credit&quot;:&quot;FOTOLOFT MaciejRusinek&quot;,&quot;camera&quot;:&quot;Canon EOS 5DS&quot;,&quot;caption&quot;:&quot;&quot;,&quot;created_timestamp&quot;:&quot;1582748641&quot;,&quot;copyright&quot;:&quot;www.fotoloft-maciejrusinek.de&quot;,&quot;focal_length&quot;:&quot;110&quot;,&quot;iso&quot;:&quot;1000&quot;,&quot;shutter_speed&quot;:&quot;0.01&quot;,&quot;title&quot;:&quot;&quot;,&quot;orientation&quot;:&quot;1&quot;}" data-image-title="wr_MGL6236" data-image-description="" data-image-caption="" data-medium-file="https://vlasovapawlica.de/wp-content/uploads/2020/03/wr_MGL6236-300x209.jpg" data-large-file="https://vlasovapawlica.de/wp-content/uploads/2020/03/wr_MGL6236-1024x712.jpg" src="https://vlasovapawlica.de/wp-content/uploads/2020/03/wr_MGL6236-1024x712.jpg" alt="" class="wp-image-832 size-full" srcset="https://vlasovapawlica.de/wp-content/uploads/2020/03/wr_MGL6236-1024x712.jpg 1024w, https://vlasovapawlica.de/wp-content/uploads/2020/03/wr_MGL6236-300x209.jpg 300w, https://vlasovapawlica.de/wp-content/uploads/2020/03/wr_MGL6236-768x534.jpg 768w, https://vlasovapawlica.de/wp-content/uploads/2020/03/wr_MGL6236-1536x1068.jpg 1536w, https://vlasovapawlica.de/wp-content/uploads/2020/03/wr_MGL6236-1200x834.jpg 1200w, https://vlasovapawlica.de/wp-content/uploads/2020/03/wr_MGL6236-1980x1376.jpg 1980w, https://vlasovapawlica.de/wp-content/uploads/2020/03/wr_MGL6236-1320x917.jpg 1320w, https://vlasovapawlica.de/wp-content/uploads/2020/03/wr_MGL6236.jpg 2000w" sizes="(max-width: 1024px) 100vw, 1024px" /></figure><div class="wp-block-media-text__content">
<blockquote class="wp-block-quote is-style-large is-layout-flow wp-block-quote-is-layout-flow">
<p>&#8222;Wer ihre Arbeiten überblickt, bemerkt ein reflektiert dramaturgisches Herangehen an Themen und Werke, das „Winterreise“ nicht ausnimmt und geradezu ein Tanz-Stück aus diesem Tanzstück macht. &#8222;</p>
<cite>Markus Hladek, Frankfurter Rundschau</cite></blockquote>
</div></div>
</div></div>



<div class="wp-block-group alignfull"><div class="wp-block-group__inner-container is-layout-flow wp-block-group-is-layout-flow">
<h2 class="wp-block-heading has-text-align-center">NEUESTE KREATIONEN</h2>



<figure class="wp-block-image alignwide size-large tw-mt-8 tw-mb-8"><img loading="lazy" decoding="async" width="1024" height="763" data-attachment-id="1255" data-permalink="https://vlasovapawlica.de/?attachment_id=1255" data-orig-file="https://vlasovapawlica.de/wp-content/uploads/2025/04/IMG_8951-scaled.jpg" data-orig-size="2560,1909" data-comments-opened="0" data-image-meta="{&quot;aperture&quot;:&quot;2.8&quot;,&quot;credit&quot;:&quot;FOTOLOFT MaciejRusinek&quot;,&quot;camera&quot;:&quot;Canon EOS 6D&quot;,&quot;caption&quot;:&quot;&quot;,&quot;created_timestamp&quot;:&quot;1745502566&quot;,&quot;copyright&quot;:&quot;\u00a9 FOTOLOFT MaciejRusinek&quot;,&quot;focal_length&quot;:&quot;75&quot;,&quot;iso&quot;:&quot;200&quot;,&quot;shutter_speed&quot;:&quot;0.0125&quot;,&quot;title&quot;:&quot;&quot;,&quot;orientation&quot;:&quot;1&quot;}" data-image-title="IMG_8951" data-image-description="" data-image-caption="" data-medium-file="https://vlasovapawlica.de/wp-content/uploads/2025/04/IMG_8951-300x224.jpg" data-large-file="https://vlasovapawlica.de/wp-content/uploads/2025/04/IMG_8951-1024x763.jpg" src="https://vlasovapawlica.de/wp-content/uploads/2025/04/IMG_8951-1024x763.jpg" alt="" class="wp-image-1255" srcset="https://vlasovapawlica.de/wp-content/uploads/2025/04/IMG_8951-1024x763.jpg 1024w, https://vlasovapawlica.de/wp-content/uploads/2025/04/IMG_8951-300x224.jpg 300w, https://vlasovapawlica.de/wp-content/uploads/2025/04/IMG_8951-768x573.jpg 768w, https://vlasovapawlica.de/wp-content/uploads/2025/04/IMG_8951-1536x1145.jpg 1536w, https://vlasovapawlica.de/wp-content/uploads/2025/04/IMG_8951-2048x1527.jpg 2048w, https://vlasovapawlica.de/wp-content/uploads/2025/04/IMG_8951-1200x895.jpg 1200w, https://vlasovapawlica.de/wp-content/uploads/2025/04/IMG_8951-1980x1476.jpg 1980w" sizes="(max-width: 1024px) 100vw, 1024px" /></figure>



<div class="wp-block-columns alignwide tw-mt-8 is-layout-flex wp-container-core-columns-is-layout-1 wp-block-columns-is-layout-flex">
<div class="wp-block-column is-layout-flow wp-block-column-is-layout-flow">
<h3 class="wp-block-heading has-h-5-font-size">ANNA PAVLOVA<br><em style="font-weight: bold;">202</em>5</h3>



<p>Anna Pavlova war weit mehr als eine der größten Ballerinen des 20. Jahrhunderts – sie war eine Visionärin, die mit jeder Bewegung Geschichten erzählte und das klassische Ballett in die Welt hinaustrug. Ihr ikonischer Solo-Tanz <em>Der sterbende Schwan</em> bleibt ein zeitloses Symbol für Anmut, Vergänglichkeit und die unerschütterliche Kraft des Ausdrucks.<br>Das Stück feiert nicht nur die Pionierarbeit Pavlovas, sondern wirft auch einen Blick auf die heutige Tanzwelt: Wie verändert sich künstlerischer Ausdruck im Laufe der Zeit? Welche Rolle spielt Tanz als universelle Sprache? Und was bedeutet es, sich – wie Pavlova – immer wieder neu zu erfinden?<br></p>



<p><a href="https://vlasovapawlica.de/?page_id=1252" data-type="page" data-id="1252">MEHR</a></p>
</div>



<div class="wp-block-column is-layout-flow wp-block-column-is-layout-flow">
<h3 class="wp-block-heading has-h-5-font-size">GELD<br><strong><em>202</em></strong>4</h3>



<p>Was ist Geld? Macht es unser Leben wirklich besser oder ist es der Ursprung vieler unserer Probleme? In einer Welt, in der sich alles um Geld zu drehen scheint, gehen Vlasova/Pawlica auf eine bewegende Reise durch die Geschichte und Bedeutung von Geld. Mit einer Mischung aus Tanz, Theater und kraftvollen Körperbildern hinterfragen sie die Macht des Geldes und werfen die Frage auf: Was würde passieren, wenn Geld plötzlich keine Rolle mehr spielt</p>



<p><a href="https://vlasovapawlica.de/?page_id=1248" data-type="page" data-id="1248">MEHR</a></p>
</div>
</div>
</div></div>

<p>Die nächsten Termine unserer Stücke findet Ihr hier. 26./27./28. APRIL 2025 &#8211; Anna Pavlova Landungsbrücken Frankfurt 19. JULI 2025 &#8211; Anna Pavlova Festival de la danse contemporaine Lésignac-Durand, FR November 2025 &#8211; Krieg in mir (Arbeitstitel, UA) Landungsbrücken Frankfurt Foto: DeDa Productions WIR SIND Katerina Vlasova und Amadeus Pawlica, ein Choreographen Duo mit Sitz in&hellip;</p>
