{"id":1252,"date":"2025-04-25T15:04:43","date_gmt":"2025-04-25T13:04:43","guid":{"rendered":"https:\/\/vlasovapawlica.de\/?page_id=1252"},"modified":"2025-04-25T15:05:12","modified_gmt":"2025-04-25T13:05:12","slug":"vergissmeinnicht-2022-21-2-2-2-2","status":"publish","type":"page","link":"https:\/\/vlasovapawlica.de\/?page_id=1252","title":{"rendered":"Anna Pavlova (2025)"},"content":{"rendered":"\n<div class=\"wp-block-columns alignwide is-layout-flex wp-container-core-columns-is-layout-1 wp-block-columns-is-layout-flex\">\n<div class=\"wp-block-column is-layout-flow wp-block-column-is-layout-flow\">\n<figure class=\"wp-block-image size-large tw-mb-0 tw-mt-0\"><img loading=\"lazy\" decoding=\"async\" width=\"932\" height=\"1024\" data-attachment-id=\"1253\" data-permalink=\"https:\/\/vlasovapawlica.de\/?attachment_id=1253\" data-orig-file=\"https:\/\/vlasovapawlica.de\/wp-content\/uploads\/2025\/04\/IMG_8936-scaled.jpg\" data-orig-size=\"2330,2560\" data-comments-opened=\"0\" data-image-meta=\"{&quot;aperture&quot;:&quot;2.8&quot;,&quot;credit&quot;:&quot;FOTOLOFT MaciejRusinek&quot;,&quot;camera&quot;:&quot;Canon EOS 6D&quot;,&quot;caption&quot;:&quot;&quot;,&quot;created_timestamp&quot;:&quot;1745503841&quot;,&quot;copyright&quot;:&quot;\\u00a9 FOTOLOFT MaciejRusinek&quot;,&quot;focal_length&quot;:&quot;70&quot;,&quot;iso&quot;:&quot;12800&quot;,&quot;shutter_speed&quot;:&quot;0.0125&quot;,&quot;title&quot;:&quot;&quot;,&quot;orientation&quot;:&quot;1&quot;}\" data-image-title=\"IMG_8936\" data-image-description=\"\" data-image-caption=\"\" data-medium-file=\"https:\/\/vlasovapawlica.de\/wp-content\/uploads\/2025\/04\/IMG_8936-273x300.jpg\" data-large-file=\"https:\/\/vlasovapawlica.de\/wp-content\/uploads\/2025\/04\/IMG_8936-932x1024.jpg\" src=\"https:\/\/vlasovapawlica.de\/wp-content\/uploads\/2025\/04\/IMG_8936-932x1024.jpg\" alt=\"\" class=\"wp-image-1253\" srcset=\"https:\/\/vlasovapawlica.de\/wp-content\/uploads\/2025\/04\/IMG_8936-932x1024.jpg 932w, https:\/\/vlasovapawlica.de\/wp-content\/uploads\/2025\/04\/IMG_8936-273x300.jpg 273w, https:\/\/vlasovapawlica.de\/wp-content\/uploads\/2025\/04\/IMG_8936-768x844.jpg 768w, https:\/\/vlasovapawlica.de\/wp-content\/uploads\/2025\/04\/IMG_8936-1398x1536.jpg 1398w, https:\/\/vlasovapawlica.de\/wp-content\/uploads\/2025\/04\/IMG_8936-1864x2048.jpg 1864w, https:\/\/vlasovapawlica.de\/wp-content\/uploads\/2025\/04\/IMG_8936-1200x1318.jpg 1200w, https:\/\/vlasovapawlica.de\/wp-content\/uploads\/2025\/04\/IMG_8936-1980x2175.jpg 1980w\" sizes=\"(max-width: 932px) 100vw, 932px\" \/><figcaption class=\"wp-element-caption\">Foto: Maciej Rusinek<\/figcaption><\/figure>\n\n\n\n<figure class=\"wp-block-image size-large\"><img loading=\"lazy\" decoding=\"async\" width=\"1024\" height=\"757\" data-attachment-id=\"1254\" data-permalink=\"https:\/\/vlasovapawlica.de\/?attachment_id=1254\" data-orig-file=\"https:\/\/vlasovapawlica.de\/wp-content\/uploads\/2025\/04\/IMG_8956-scaled.jpg\" data-orig-size=\"2560,1893\" data-comments-opened=\"0\" data-image-meta=\"{&quot;aperture&quot;:&quot;2.8&quot;,&quot;credit&quot;:&quot;FOTOLOFT MaciejRusinek&quot;,&quot;camera&quot;:&quot;Canon EOS 6D&quot;,&quot;caption&quot;:&quot;&quot;,&quot;created_timestamp&quot;:&quot;1745501952&quot;,&quot;copyright&quot;:&quot;\\u00a9 FOTOLOFT MaciejRusinek&quot;,&quot;focal_length&quot;:&quot;123&quot;,&quot;iso&quot;:&quot;250&quot;,&quot;shutter_speed&quot;:&quot;0.025&quot;,&quot;title&quot;:&quot;&quot;,&quot;orientation&quot;:&quot;1&quot;}\" data-image-title=\"IMG_8956\" data-image-description=\"\" data-image-caption=\"\" data-medium-file=\"https:\/\/vlasovapawlica.de\/wp-content\/uploads\/2025\/04\/IMG_8956-300x222.jpg\" data-large-file=\"https:\/\/vlasovapawlica.de\/wp-content\/uploads\/2025\/04\/IMG_8956-1024x757.jpg\" src=\"https:\/\/vlasovapawlica.de\/wp-content\/uploads\/2025\/04\/IMG_8956-1024x757.jpg\" alt=\"\" class=\"wp-image-1254\" srcset=\"https:\/\/vlasovapawlica.de\/wp-content\/uploads\/2025\/04\/IMG_8956-1024x757.jpg 1024w, https:\/\/vlasovapawlica.de\/wp-content\/uploads\/2025\/04\/IMG_8956-300x222.jpg 300w, https:\/\/vlasovapawlica.de\/wp-content\/uploads\/2025\/04\/IMG_8956-768x568.jpg 768w, https:\/\/vlasovapawlica.de\/wp-content\/uploads\/2025\/04\/IMG_8956-1536x1136.jpg 1536w, https:\/\/vlasovapawlica.de\/wp-content\/uploads\/2025\/04\/IMG_8956-2048x1514.jpg 2048w, https:\/\/vlasovapawlica.de\/wp-content\/uploads\/2025\/04\/IMG_8956-1200x887.jpg 1200w, https:\/\/vlasovapawlica.de\/wp-content\/uploads\/2025\/04\/IMG_8956-1980x1464.jpg 1980w\" sizes=\"(max-width: 1024px) 100vw, 1024px\" \/><figcaption class=\"wp-element-caption\">Foto: Maciej Rusinek<\/figcaption><\/figure>\n\n\n\n<figure class=\"wp-block-image size-large\"><img loading=\"lazy\" decoding=\"async\" width=\"1024\" height=\"763\" data-attachment-id=\"1255\" data-permalink=\"https:\/\/vlasovapawlica.de\/?attachment_id=1255\" data-orig-file=\"https:\/\/vlasovapawlica.de\/wp-content\/uploads\/2025\/04\/IMG_8951-scaled.jpg\" data-orig-size=\"2560,1909\" data-comments-opened=\"0\" data-image-meta=\"{&quot;aperture&quot;:&quot;2.8&quot;,&quot;credit&quot;:&quot;FOTOLOFT MaciejRusinek&quot;,&quot;camera&quot;:&quot;Canon EOS 6D&quot;,&quot;caption&quot;:&quot;&quot;,&quot;created_timestamp&quot;:&quot;1745502566&quot;,&quot;copyright&quot;:&quot;\\u00a9 FOTOLOFT MaciejRusinek&quot;,&quot;focal_length&quot;:&quot;75&quot;,&quot;iso&quot;:&quot;200&quot;,&quot;shutter_speed&quot;:&quot;0.0125&quot;,&quot;title&quot;:&quot;&quot;,&quot;orientation&quot;:&quot;1&quot;}\" data-image-title=\"IMG_8951\" data-image-description=\"\" data-image-caption=\"\" data-medium-file=\"https:\/\/vlasovapawlica.de\/wp-content\/uploads\/2025\/04\/IMG_8951-300x224.jpg\" data-large-file=\"https:\/\/vlasovapawlica.de\/wp-content\/uploads\/2025\/04\/IMG_8951-1024x763.jpg\" src=\"https:\/\/vlasovapawlica.de\/wp-content\/uploads\/2025\/04\/IMG_8951-1024x763.jpg\" alt=\"\" class=\"wp-image-1255\" srcset=\"https:\/\/vlasovapawlica.de\/wp-content\/uploads\/2025\/04\/IMG_8951-1024x763.jpg 1024w, https:\/\/vlasovapawlica.de\/wp-content\/uploads\/2025\/04\/IMG_8951-300x224.jpg 300w, https:\/\/vlasovapawlica.de\/wp-content\/uploads\/2025\/04\/IMG_8951-768x573.jpg 768w, https:\/\/vlasovapawlica.de\/wp-content\/uploads\/2025\/04\/IMG_8951-1536x1145.jpg 1536w, https:\/\/vlasovapawlica.de\/wp-content\/uploads\/2025\/04\/IMG_8951-2048x1527.jpg 2048w, https:\/\/vlasovapawlica.de\/wp-content\/uploads\/2025\/04\/IMG_8951-1200x895.jpg 1200w, https:\/\/vlasovapawlica.de\/wp-content\/uploads\/2025\/04\/IMG_8951-1980x1476.jpg 1980w\" sizes=\"(max-width: 1024px) 100vw, 1024px\" \/><figcaption class=\"wp-element-caption\">Foto: Maciej Rusinek<\/figcaption><\/figure>\n<\/div>\n\n\n\n<div class=\"wp-block-column tw-mb-0 tw-mt-0 is-layout-flow wp-block-column-is-layout-flow\" style=\"padding-top:0px;padding-right:0px;padding-bottom:0px;padding-left:0px\">\n<p><strong>Deutschland Premiere:<\/strong> 24.04.2025 Frankfurt<br><strong>Frankreich Premiere: <\/strong>19.07.2025 L\u00e9signac-Durand<\/p>\n\n\n\n<p>EINE KOOPERATION MIT DEN LANDUNGSBR\u00dcCKEN FRANKFURT <br>IN KOPRODUKTION MIT FESTIVAL DE LA DANSE CONTEMPORAINE \u00c0 L\u00c9SIGNAC-DURAND<\/p>\n\n\n\n<p><strong>Gef\u00f6rdert durch das Kulturamt der Stadt Frankfurt am Main, Hessisches Ministerium f\u00fcr Wissenschaft &amp; Kunst<\/strong><\/p>\n\n\n\n<p>Anna Pavlova war weit mehr als eine der gr\u00f6\u00dften Ballerinen des 20. Jahrhunderts \u2013 sie war eine Vision\u00e4rin, die mit jeder Bewegung Geschichten erz\u00e4hlte und das klassische Ballett in die Welt hinaustrug. Ihr ikonischer Solo-Tanz Der sterbende Schwan bleibt ein zeitloses Symbol f\u00fcr Anmut, Verg\u00e4nglichkeit und die unersch\u00fctterliche Kraft des Ausdrucks.<\/p>\n\n\n\n<p>Mit <em>Anna Pavlova<\/em> interpretieren die Choreografen und T\u00e4nzer Katerina Vlasova und Amadeus Pawlica dieses Erbe neu. In einer bewegenden Mischung aus zeitgen\u00f6ssischem Tanz und atmosph\u00e4rischer Inszenierung entfaltet sich eine abstrakte Erz\u00e4hlung \u00fcber Transformation, Dualit\u00e4t und die innere Reise des K\u00fcnstlers. Anstatt einer biografischen Nacherz\u00e4hlung entsteht ein poetisches Werk, das Pavlovas k\u00fcnstlerische Vision aufgreift und in die Gegenwart transportiert.<\/p>\n\n\n\n<p>Das St\u00fcck feiert nicht nur die Pionierarbeit Pavlovas, sondern wirft auch einen Blick auf die heutige Tanzwelt: Wie ver\u00e4ndert sich k\u00fcnstlerischer Ausdruck im Laufe der Zeit? Welche Rolle spielt Tanz als universelle Sprache? Und was bedeutet es, sich \u2013 wie Pavlova \u2013 immer wieder neu zu erfinden?<\/p>\n\n\n\n<p>Ein Tanzst\u00fcck f\u00fcr alle, die sich von der Kraft der Bewegung ber\u00fchren lassen und in eine Welt voller Eleganz, Emotion und Erneuerung eintauchen m\u00f6chten.<\/p>\n\n\n\n<p><strong>Tanz &amp; Choreographie:<\/strong> Katerina Vlasova, Amadeus Pawlica<\/p>\n<\/div>\n<\/div>\n<div class=\"sharedaddy sd-sharing-enabled\"><div class=\"robots-nocontent sd-block sd-social sd-social-icon sd-sharing\"><h3 class=\"sd-title\">Teilen mit:<\/h3><div class=\"sd-content\"><ul><li class=\"share-twitter\"><a rel=\"nofollow noopener noreferrer\" data-shared=\"sharing-twitter-1252\" class=\"share-twitter sd-button share-icon no-text\" href=\"https:\/\/vlasovapawlica.de\/?page_id=1252&amp;share=twitter\" target=\"_blank\" title=\"Klick, um \u00fcber Twitter zu teilen\"><span><\/span><span class=\"sharing-screen-reader-text\">Klick, um \u00fcber Twitter zu teilen (Wird in neuem Fenster ge\u00f6ffnet)<\/span><\/a><\/li><li class=\"share-facebook\"><a rel=\"nofollow noopener noreferrer\" data-shared=\"sharing-facebook-1252\" class=\"share-facebook sd-button share-icon no-text\" href=\"https:\/\/vlasovapawlica.de\/?page_id=1252&amp;share=facebook\" target=\"_blank\" title=\"Klick, um auf Facebook zu teilen\"><span><\/span><span class=\"sharing-screen-reader-text\">Klick, um auf Facebook zu teilen (Wird in neuem Fenster ge\u00f6ffnet)<\/span><\/a><\/li><li class=\"share-end\"><\/li><\/ul><\/div><\/div><\/div>","protected":false},"excerpt":{"rendered":"<p>Deutschland Premiere: 24.04.2025 FrankfurtFrankreich Premiere: 19.07.2025 L\u00e9signac-Durand EINE KOOPERATION MIT DEN LANDUNGSBR\u00dcCKEN FRANKFURT IN KOPRODUKTION MIT FESTIVAL DE LA DANSE CONTEMPORAINE \u00c0 L\u00c9SIGNAC-DURAND Gef\u00f6rdert durch das Kulturamt der Stadt Frankfurt am Main, Hessisches Ministerium f\u00fcr Wissenschaft &amp; Kunst Anna Pavlova war weit mehr als eine der gr\u00f6\u00dften Ballerinen des 20. Jahrhunderts \u2013 sie war eine&hellip;<\/p>\n<div class=\"sharedaddy sd-sharing-enabled\"><div class=\"robots-nocontent sd-block sd-social sd-social-icon sd-sharing\"><h3 class=\"sd-title\">Teilen mit:<\/h3><div class=\"sd-content\"><ul><li class=\"share-twitter\"><a rel=\"nofollow noopener noreferrer\" data-shared=\"sharing-twitter-1252\" class=\"share-twitter sd-button share-icon no-text\" href=\"https:\/\/vlasovapawlica.de\/?page_id=1252&amp;share=twitter\" target=\"_blank\" title=\"Klick, um \u00fcber Twitter zu teilen\"><span><\/span><span class=\"sharing-screen-reader-text\">Klick, um \u00fcber Twitter zu teilen (Wird in neuem Fenster ge\u00f6ffnet)<\/span><\/a><\/li><li class=\"share-facebook\"><a rel=\"nofollow noopener noreferrer\" data-shared=\"sharing-facebook-1252\" class=\"share-facebook sd-button share-icon no-text\" href=\"https:\/\/vlasovapawlica.de\/?page_id=1252&amp;share=facebook\" target=\"_blank\" title=\"Klick, um auf Facebook zu teilen\"><span><\/span><span class=\"sharing-screen-reader-text\">Klick, um auf Facebook zu teilen (Wird in neuem Fenster ge\u00f6ffnet)<\/span><\/a><\/li><li class=\"share-end\"><\/li><\/ul><\/div><\/div><\/div>","protected":false},"author":1,"featured_media":0,"parent":0,"menu_order":2,"comment_status":"closed","ping_status":"closed","template":"templates\/template-full-width.php","meta":{"_acf_changed":false,"spay_email":"","footnotes":""},"acf":[],"jetpack_likes_enabled":true,"jetpack_sharing_enabled":true,"jetpack_shortlink":"https:\/\/wp.me\/Pcv3L7-kc","_links":{"self":[{"href":"https:\/\/vlasovapawlica.de\/index.php?rest_route=\/wp\/v2\/pages\/1252"}],"collection":[{"href":"https:\/\/vlasovapawlica.de\/index.php?rest_route=\/wp\/v2\/pages"}],"about":[{"href":"https:\/\/vlasovapawlica.de\/index.php?rest_route=\/wp\/v2\/types\/page"}],"author":[{"embeddable":true,"href":"https:\/\/vlasovapawlica.de\/index.php?rest_route=\/wp\/v2\/users\/1"}],"replies":[{"embeddable":true,"href":"https:\/\/vlasovapawlica.de\/index.php?rest_route=%2Fwp%2Fv2%2Fcomments&post=1252"}],"version-history":[{"count":2,"href":"https:\/\/vlasovapawlica.de\/index.php?rest_route=\/wp\/v2\/pages\/1252\/revisions"}],"predecessor-version":[{"id":1257,"href":"https:\/\/vlasovapawlica.de\/index.php?rest_route=\/wp\/v2\/pages\/1252\/revisions\/1257"}],"wp:attachment":[{"href":"https:\/\/vlasovapawlica.de\/index.php?rest_route=%2Fwp%2Fv2%2Fmedia&parent=1252"}],"curies":[{"name":"wp","href":"https:\/\/api.w.org\/{rel}","templated":true}]}}

<div class="wp-block-columns alignwide is-layout-flex wp-container-core-columns-is-layout-1 wp-block-columns-is-layout-flex">
<div class="wp-block-column is-layout-flow wp-block-column-is-layout-flow">
<figure class="wp-block-image size-large tw-mb-0 tw-mt-0"><img loading="lazy" decoding="async" width="932" height="1024" data-attachment-id="1253" data-permalink="https://vlasovapawlica.de/?attachment_id=1253" data-orig-file="https://vlasovapawlica.de/wp-content/uploads/2025/04/IMG_8936-scaled.jpg" data-orig-size="2330,2560" data-comments-opened="0" data-image-meta="{&quot;aperture&quot;:&quot;2.8&quot;,&quot;credit&quot;:&quot;FOTOLOFT MaciejRusinek&quot;,&quot;camera&quot;:&quot;Canon EOS 6D&quot;,&quot;caption&quot;:&quot;&quot;,&quot;created_timestamp&quot;:&quot;1745503841&quot;,&quot;copyright&quot;:&quot;\u00a9 FOTOLOFT MaciejRusinek&quot;,&quot;focal_length&quot;:&quot;70&quot;,&quot;iso&quot;:&quot;12800&quot;,&quot;shutter_speed&quot;:&quot;0.0125&quot;,&quot;title&quot;:&quot;&quot;,&quot;orientation&quot;:&quot;1&quot;}" data-image-title="IMG_8936" data-image-description="" data-image-caption="" data-medium-file="https://vlasovapawlica.de/wp-content/uploads/2025/04/IMG_8936-273x300.jpg" data-large-file="https://vlasovapawlica.de/wp-content/uploads/2025/04/IMG_8936-932x1024.jpg" src="https://vlasovapawlica.de/wp-content/uploads/2025/04/IMG_8936-932x1024.jpg" alt="" class="wp-image-1253" srcset="https://vlasovapawlica.de/wp-content/uploads/2025/04/IMG_8936-932x1024.jpg 932w, https://vlasovapawlica.de/wp-content/uploads/2025/04/IMG_8936-273x300.jpg 273w, https://vlasovapawlica.de/wp-content/uploads/2025/04/IMG_8936-768x844.jpg 768w, https://vlasovapawlica.de/wp-content/uploads/2025/04/IMG_8936-1398x1536.jpg 1398w, https://vlasovapawlica.de/wp-content/uploads/2025/04/IMG_8936-1864x2048.jpg 1864w, https://vlasovapawlica.de/wp-content/uploads/2025/04/IMG_8936-1200x1318.jpg 1200w, https://vlasovapawlica.de/wp-content/uploads/2025/04/IMG_8936-1980x2175.jpg 1980w" sizes="(max-width: 932px) 100vw, 932px" /><figcaption class="wp-element-caption">Foto: Maciej Rusinek</figcaption></figure>



<figure class="wp-block-image size-large"><img loading="lazy" decoding="async" width="1024" height="757" data-attachment-id="1254" data-permalink="https://vlasovapawlica.de/?attachment_id=1254" data-orig-file="https://vlasovapawlica.de/wp-content/uploads/2025/04/IMG_8956-scaled.jpg" data-orig-size="2560,1893" data-comments-opened="0" data-image-meta="{&quot;aperture&quot;:&quot;2.8&quot;,&quot;credit&quot;:&quot;FOTOLOFT MaciejRusinek&quot;,&quot;camera&quot;:&quot;Canon EOS 6D&quot;,&quot;caption&quot;:&quot;&quot;,&quot;created_timestamp&quot;:&quot;1745501952&quot;,&quot;copyright&quot;:&quot;\u00a9 FOTOLOFT MaciejRusinek&quot;,&quot;focal_length&quot;:&quot;123&quot;,&quot;iso&quot;:&quot;250&quot;,&quot;shutter_speed&quot;:&quot;0.025&quot;,&quot;title&quot;:&quot;&quot;,&quot;orientation&quot;:&quot;1&quot;}" data-image-title="IMG_8956" data-image-description="" data-image-caption="" data-medium-file="https://vlasovapawlica.de/wp-content/uploads/2025/04/IMG_8956-300x222.jpg" data-large-file="https://vlasovapawlica.de/wp-content/uploads/2025/04/IMG_8956-1024x757.jpg" src="https://vlasovapawlica.de/wp-content/uploads/2025/04/IMG_8956-1024x757.jpg" alt="" class="wp-image-1254" srcset="https://vlasovapawlica.de/wp-content/uploads/2025/04/IMG_8956-1024x757.jpg 1024w, https://vlasovapawlica.de/wp-content/uploads/2025/04/IMG_8956-300x222.jpg 300w, https://vlasovapawlica.de/wp-content/uploads/2025/04/IMG_8956-768x568.jpg 768w, https://vlasovapawlica.de/wp-content/uploads/2025/04/IMG_8956-1536x1136.jpg 1536w, https://vlasovapawlica.de/wp-content/uploads/2025/04/IMG_8956-2048x1514.jpg 2048w, https://vlasovapawlica.de/wp-content/uploads/2025/04/IMG_8956-1200x887.jpg 1200w, https://vlasovapawlica.de/wp-content/uploads/2025/04/IMG_8956-1980x1464.jpg 1980w" sizes="(max-width: 1024px) 100vw, 1024px" /><figcaption class="wp-element-caption">Foto: Maciej Rusinek</figcaption></figure>



<figure class="wp-block-image size-large"><img loading="lazy" decoding="async" width="1024" height="763" data-attachment-id="1255" data-permalink="https://vlasovapawlica.de/?attachment_id=1255" data-orig-file="https://vlasovapawlica.de/wp-content/uploads/2025/04/IMG_8951-scaled.jpg" data-orig-size="2560,1909" data-comments-opened="0" data-image-meta="{&quot;aperture&quot;:&quot;2.8&quot;,&quot;credit&quot;:&quot;FOTOLOFT MaciejRusinek&quot;,&quot;camera&quot;:&quot;Canon EOS 6D&quot;,&quot;caption&quot;:&quot;&quot;,&quot;created_timestamp&quot;:&quot;1745502566&quot;,&quot;copyright&quot;:&quot;\u00a9 FOTOLOFT MaciejRusinek&quot;,&quot;focal_length&quot;:&quot;75&quot;,&quot;iso&quot;:&quot;200&quot;,&quot;shutter_speed&quot;:&quot;0.0125&quot;,&quot;title&quot;:&quot;&quot;,&quot;orientation&quot;:&quot;1&quot;}" data-image-title="IMG_8951" data-image-description="" data-image-caption="" data-medium-file="https://vlasovapawlica.de/wp-content/uploads/2025/04/IMG_8951-300x224.jpg" data-large-file="https://vlasovapawlica.de/wp-content/uploads/2025/04/IMG_8951-1024x763.jpg" src="https://vlasovapawlica.de/wp-content/uploads/2025/04/IMG_8951-1024x763.jpg" alt="" class="wp-image-1255" srcset="https://vlasovapawlica.de/wp-content/uploads/2025/04/IMG_8951-1024x763.jpg 1024w, https://vlasovapawlica.de/wp-content/uploads/2025/04/IMG_8951-300x224.jpg 300w, https://vlasovapawlica.de/wp-content/uploads/2025/04/IMG_8951-768x573.jpg 768w, https://vlasovapawlica.de/wp-content/uploads/2025/04/IMG_8951-1536x1145.jpg 1536w, https://vlasovapawlica.de/wp-content/uploads/2025/04/IMG_8951-2048x1527.jpg 2048w, https://vlasovapawlica.de/wp-content/uploads/2025/04/IMG_8951-1200x895.jpg 1200w, https://vlasovapawlica.de/wp-content/uploads/2025/04/IMG_8951-1980x1476.jpg 1980w" sizes="(max-width: 1024px) 100vw, 1024px" /><figcaption class="wp-element-caption">Foto: Maciej Rusinek</figcaption></figure>
</div>



<div class="wp-block-column tw-mb-0 tw-mt-0 is-layout-flow wp-block-column-is-layout-flow" style="padding-top:0px;padding-right:0px;padding-bottom:0px;padding-left:0px">
<p><strong>Deutschland Premiere:</strong> 24.04.2025 Frankfurt<br><strong>Frankreich Premiere: </strong>19.07.2025 Lésignac-Durand</p>



<p>EINE KOOPERATION MIT DEN LANDUNGSBRÜCKEN FRANKFURT <br>IN KOPRODUKTION MIT FESTIVAL DE LA DANSE CONTEMPORAINE À LÉSIGNAC-DURAND</p>



<p><strong>Gefördert durch das Kulturamt der Stadt Frankfurt am Main, Hessisches Ministerium für Wissenschaft &amp; Kunst</strong></p>



<p>Anna Pavlova war weit mehr als eine der größten Ballerinen des 20. Jahrhunderts – sie war eine Visionärin, die mit jeder Bewegung Geschichten erzählte und das klassische Ballett in die Welt hinaustrug. Ihr ikonischer Solo-Tanz Der sterbende Schwan bleibt ein zeitloses Symbol für Anmut, Vergänglichkeit und die unerschütterliche Kraft des Ausdrucks.</p>



<p>Mit <em>Anna Pavlova</em> interpretieren die Choreografen und Tänzer Katerina Vlasova und Amadeus Pawlica dieses Erbe neu. In einer bewegenden Mischung aus zeitgenössischem Tanz und atmosphärischer Inszenierung entfaltet sich eine abstrakte Erzählung über Transformation, Dualität und die innere Reise des Künstlers. Anstatt einer biografischen Nacherzählung entsteht ein poetisches Werk, das Pavlovas künstlerische Vision aufgreift und in die Gegenwart transportiert.</p>



<p>Das Stück feiert nicht nur die Pionierarbeit Pavlovas, sondern wirft auch einen Blick auf die heutige Tanzwelt: Wie verändert sich künstlerischer Ausdruck im Laufe der Zeit? Welche Rolle spielt Tanz als universelle Sprache? Und was bedeutet es, sich – wie Pavlova – immer wieder neu zu erfinden?</p>



<p>Ein Tanzstück für alle, die sich von der Kraft der Bewegung berühren lassen und in eine Welt voller Eleganz, Emotion und Erneuerung eintauchen möchten.</p>



<p><strong>Tanz &amp; Choreographie:</strong> Katerina Vlasova, Amadeus Pawlica</p>
</div>
</div>
<div class="sharedaddy sd-sharing-enabled"><div class="robots-nocontent sd-block sd-social sd-social-icon sd-sharing"><h3 class="sd-title">Teilen mit:</h3><div class="sd-content"><ul><li class="share-twitter"><a rel="nofollow noopener noreferrer" data-shared="sharing-twitter-1252" class="share-twitter sd-button share-icon no-text" href="https://vlasovapawlica.de/?page_id=1252&amp;share=twitter" target="_blank" title="Klick, um über Twitter zu teilen"><span></span><span class="sharing-screen-reader-text">Klick, um über Twitter zu teilen (Wird in neuem Fenster geöffnet)</span></a></li><li class="share-facebook"><a rel="nofollow noopener noreferrer" data-shared="sharing-facebook-1252" class="share-facebook sd-button share-icon no-text" href="https://vlasovapawlica.de/?page_id=1252&amp;share=facebook" target="_blank" title="Klick, um auf Facebook zu teilen"><span></span><span class="sharing-screen-reader-text">Klick, um auf Facebook zu teilen (Wird in neuem Fenster geöffnet)</span></a></li><li class="share-end"></li></ul></div></div></div>

<p>Deutschland Premiere: 24.04.2025 FrankfurtFrankreich Premiere: 19.07.2025 Lésignac-Durand EINE KOOPERATION MIT DEN LANDUNGSBRÜCKEN FRANKFURT IN KOPRODUKTION MIT FESTIVAL DE LA DANSE CONTEMPORAINE À LÉSIGNAC-DURAND Gefördert durch das Kulturamt der Stadt Frankfurt am Main, Hessisches Ministerium für Wissenschaft &amp; Kunst Anna Pavlova war weit mehr als eine der größten Ballerinen des 20. Jahrhunderts – sie war eine&hellip;</p>
<div class="sharedaddy sd-sharing-enabled"><div class="robots-nocontent sd-block sd-social sd-social-icon sd-sharing"><h3 class="sd-title">Teilen mit:</h3><div class="sd-content"><ul><li class="share-twitter"><a rel="nofollow noopener noreferrer" data-shared="sharing-twitter-1252" class="share-twitter sd-button share-icon no-text" href="https://vlasovapawlica.de/?page_id=1252&amp;share=twitter" target="_blank" title="Klick, um über Twitter zu teilen"><span></span><span class="sharing-screen-reader-text">Klick, um über Twitter zu teilen (Wird in neuem Fenster geöffnet)</span></a></li><li class="share-facebook"><a rel="nofollow noopener noreferrer" data-shared="sharing-facebook-1252" class="share-facebook sd-button share-icon no-text" href="https://vlasovapawlica.de/?page_id=1252&amp;share=facebook" target="_blank" title="Klick, um auf Facebook zu teilen"><span></span><span class="sharing-screen-reader-text">Klick, um auf Facebook zu teilen (Wird in neuem Fenster geöffnet)</span></a></li><li class="share-end"></li></ul></div></div></div>
