{"id":1030,"date":"2021-09-09T17:33:14","date_gmt":"2021-09-09T15:33:14","guid":{"rendered":"https:\/\/vlasovapawlica.de\/?page_id=1030"},"modified":"2021-11-03T17:28:35","modified_gmt":"2021-11-03T15:28:35","slug":"vergissmeinnicht-2022-21","status":"publish","type":"page","link":"https:\/\/vlasovapawlica.de\/?page_id=1030","title":{"rendered":"VERGISSMEINNICHT (2020\/21)"},"content":{"rendered":"\n<div class=\"wp-block-columns alignwide is-layout-flex wp-container-core-columns-is-layout-1 wp-block-columns-is-layout-flex\">\n<div class=\"wp-block-column is-layout-flow wp-block-column-is-layout-flow\">\n<figure class=\"wp-block-image size-large tw-mb-0 tw-mt-0\"><img loading=\"lazy\" decoding=\"async\" width=\"1024\" height=\"683\" data-attachment-id=\"961\" data-permalink=\"https:\/\/vlasovapawlica.de\/?attachment_id=961\" data-orig-file=\"https:\/\/vlasovapawlica.de\/wp-content\/uploads\/2020\/06\/3BCAD30B-2171-4CF1-8AE8-710B762E0790-scaled.jpeg\" data-orig-size=\"2560,1707\" data-comments-opened=\"0\" data-image-meta=\"{&quot;aperture&quot;:&quot;2.8&quot;,&quot;credit&quot;:&quot;&quot;,&quot;camera&quot;:&quot;Canon EOS 5D Mark IV&quot;,&quot;caption&quot;:&quot;&quot;,&quot;created_timestamp&quot;:&quot;1599596941&quot;,&quot;copyright&quot;:&quot;&quot;,&quot;focal_length&quot;:&quot;70&quot;,&quot;iso&quot;:&quot;6400&quot;,&quot;shutter_speed&quot;:&quot;0.00625&quot;,&quot;title&quot;:&quot;&quot;,&quot;orientation&quot;:&quot;1&quot;}\" data-image-title=\"3BCAD30B-2171-4CF1-8AE8-710B762E0790\" data-image-description=\"\" data-image-caption=\"\" data-medium-file=\"https:\/\/vlasovapawlica.de\/wp-content\/uploads\/2020\/06\/3BCAD30B-2171-4CF1-8AE8-710B762E0790-300x200.jpeg\" data-large-file=\"https:\/\/vlasovapawlica.de\/wp-content\/uploads\/2020\/06\/3BCAD30B-2171-4CF1-8AE8-710B762E0790-1024x683.jpeg\" src=\"https:\/\/vlasovapawlica.de\/wp-content\/uploads\/2020\/06\/3BCAD30B-2171-4CF1-8AE8-710B762E0790-1024x683.jpeg\" alt=\"\" class=\"wp-image-961\" srcset=\"https:\/\/vlasovapawlica.de\/wp-content\/uploads\/2020\/06\/3BCAD30B-2171-4CF1-8AE8-710B762E0790-1024x683.jpeg 1024w, https:\/\/vlasovapawlica.de\/wp-content\/uploads\/2020\/06\/3BCAD30B-2171-4CF1-8AE8-710B762E0790-300x200.jpeg 300w, https:\/\/vlasovapawlica.de\/wp-content\/uploads\/2020\/06\/3BCAD30B-2171-4CF1-8AE8-710B762E0790-768x512.jpeg 768w, https:\/\/vlasovapawlica.de\/wp-content\/uploads\/2020\/06\/3BCAD30B-2171-4CF1-8AE8-710B762E0790-1536x1024.jpeg 1536w, https:\/\/vlasovapawlica.de\/wp-content\/uploads\/2020\/06\/3BCAD30B-2171-4CF1-8AE8-710B762E0790-2048x1365.jpeg 2048w, https:\/\/vlasovapawlica.de\/wp-content\/uploads\/2020\/06\/3BCAD30B-2171-4CF1-8AE8-710B762E0790-1200x800.jpeg 1200w, https:\/\/vlasovapawlica.de\/wp-content\/uploads\/2020\/06\/3BCAD30B-2171-4CF1-8AE8-710B762E0790-1980x1320.jpeg 1980w, https:\/\/vlasovapawlica.de\/wp-content\/uploads\/2020\/06\/3BCAD30B-2171-4CF1-8AE8-710B762E0790-1320x880.jpeg 1320w\" sizes=\"(max-width: 1024px) 100vw, 1024px\" \/><\/figure>\n\n\n\n<figure class=\"wp-block-embed is-type-video is-provider-vimeo wp-block-embed-vimeo wp-embed-aspect-16-9 wp-has-aspect-ratio\"><div class=\"wp-block-embed__wrapper\">\n<div class=\"embed-vimeo\" style=\"text-align: center;\"><iframe loading=\"lazy\" src=\"https:\/\/player.vimeo.com\/video\/460123909\" width=\"800\" height=\"450\" frameborder=\"0\" webkitallowfullscreen mozallowfullscreen allowfullscreen><\/iframe><\/div>\n<\/div><\/figure>\n\n\n\n<figure class=\"wp-block-image size-large\"><img loading=\"lazy\" decoding=\"async\" width=\"1024\" height=\"683\" data-attachment-id=\"989\" data-permalink=\"https:\/\/vlasovapawlica.de\/?attachment_id=989\" data-orig-file=\"https:\/\/vlasovapawlica.de\/wp-content\/uploads\/2020\/12\/394.jpeg\" data-orig-size=\"1280,854\" data-comments-opened=\"0\" data-image-meta=\"{&quot;aperture&quot;:&quot;4.5&quot;,&quot;credit&quot;:&quot;&quot;,&quot;camera&quot;:&quot;Canon EOS 5D Mark IV&quot;,&quot;caption&quot;:&quot;&quot;,&quot;created_timestamp&quot;:&quot;1599597304&quot;,&quot;copyright&quot;:&quot;&quot;,&quot;focal_length&quot;:&quot;70&quot;,&quot;iso&quot;:&quot;6400&quot;,&quot;shutter_speed&quot;:&quot;0.004&quot;,&quot;title&quot;:&quot;&quot;,&quot;orientation&quot;:&quot;1&quot;}\" data-image-title=\"394\" data-image-description=\"\" data-image-caption=\"\" data-medium-file=\"https:\/\/vlasovapawlica.de\/wp-content\/uploads\/2020\/12\/394-300x200.jpeg\" data-large-file=\"https:\/\/vlasovapawlica.de\/wp-content\/uploads\/2020\/12\/394-1024x683.jpeg\" src=\"https:\/\/vlasovapawlica.de\/wp-content\/uploads\/2020\/12\/394-1024x683.jpeg\" alt=\"\" class=\"wp-image-989\" srcset=\"https:\/\/vlasovapawlica.de\/wp-content\/uploads\/2020\/12\/394-1024x683.jpeg 1024w, https:\/\/vlasovapawlica.de\/wp-content\/uploads\/2020\/12\/394-300x200.jpeg 300w, https:\/\/vlasovapawlica.de\/wp-content\/uploads\/2020\/12\/394-768x512.jpeg 768w, https:\/\/vlasovapawlica.de\/wp-content\/uploads\/2020\/12\/394-1200x801.jpeg 1200w, https:\/\/vlasovapawlica.de\/wp-content\/uploads\/2020\/12\/394.jpeg 1280w\" sizes=\"(max-width: 1024px) 100vw, 1024px\" \/><\/figure>\n\n\n\n<p><em>Fotos &amp; Video: De-Da Productions<\/em><\/p>\n<\/div>\n\n\n\n<div class=\"wp-block-column tw-mb-0 tw-mt-0 is-layout-flow wp-block-column-is-layout-flow\" style=\"padding-top:0px;padding-right:0px;padding-bottom:0px;padding-left:0px\">\n<p><strong>Premieren:<\/strong> 10.09.2020 Frankfurt, 30.10.2020 Hannover, 10.09.2021 D\u00fcsseldorf<\/p>\n\n\n\n<p><em>EINE KOPRODUKTION VON VLASOVA \/ PAWLICA MIT LANDUNGSBR\u00dcCKEN FRANKFURT, KINDERTHEATERHAUS HANNOVER UND DER EVANGELISCHEN EMMAUS GEMEINDE D\u00dcSSELDORF<\/em><\/p>\n\n\n\n<p><strong>Gef\u00f6rdert durch Hessisches Ministerium f\u00fcr Wissenschaft und Kunst, Landeshauptstadt Hannover Kulturb\u00fcro, Kulturamt der Stadt Frankfurt am Main, Ministerium f\u00fcr Kultur und Wissenschaft des Landes NRW, NRW Landesb\u00fcro Freie Darstellende K\u00fcnste<\/strong><\/p>\n\n\n\n<p><em>Mit freundlicher Unterst\u00fctzung der Alzheimer Gesellschaft Frankfurt<\/em><\/p>\n\n\n\n<p>Zu verschwinden, pl\u00f6tzlich nicht mehr da zu sein, zu vergessen und selber in Vergessenheit zu geraten \u2013 das sind vielleicht die gr\u00f6\u00dften \u00c4ngste von uns Menschen. Die psychische Mechanik des Erinnerns ist derart komplex, dass darin so gut wie alles spezifisch Menschliche involviert und aneinander gekoppelt ist: Emotion, Bewusstsein, Geist, Verstand, Poesie. Erinnerung ist nicht einfach gleichzusetzen mit Ged\u00e4chtnis, obwohl Erinnerung und Ged\u00e4chtnis sich nicht trennen lassen. Erinnern ist vielmehr das Pl\u00fcndern des Ged\u00e4chtnisses als T\u00e4tigkeit des Geistes mithilfe des Gehirns. Man k\u00f6nnte sagen: Das ganze Leben besteht aus Erinnern. Ohne Erinnerung ist eine pers\u00f6nliche Identit\u00e4t nicht m\u00f6glich. Was geschieht aber mit uns, wenn die Erinnerungen verblassen und der Mensch eines Tages auf fast nichts mehr zur\u00fcckgreifen kann, was ihn einst ausmachte. Wenn unsere geistige Lebensreise auf einmal zur\u00fcck geht und das so perfekte Meisterwerk \u201eder menschliche K\u00f6rper\u201c den Geist aufgibt. Was bleibt mir noch, wenn nichts von mir mehr da ist?<\/p>\n\n\n\n<p>Ein Tanztheater \u00fcber das Vergessen und das Vergessen-werden.<\/p>\n\n\n\n<p><strong>Musik:<\/strong> David Rojas nach Frederic Chopin<\/p>\n\n\n\n<p><strong>Dramaturgie:<\/strong> Mareike Uhl<\/p>\n\n\n\n<p><strong>Assistenz:<\/strong> Keith Chin<\/p>\n\n\n\n<p><strong>Tanz:<\/strong> Rouven Pabst, Amadeus Pawlica<\/p>\n<\/div>\n<\/div>\n<div class=\"sharedaddy sd-sharing-enabled\"><div class=\"robots-nocontent sd-block sd-social sd-social-icon sd-sharing\"><h3 class=\"sd-title\">Teilen mit:<\/h3><div class=\"sd-content\"><ul><li class=\"share-twitter\"><a rel=\"nofollow noopener noreferrer\" data-shared=\"sharing-twitter-1030\" class=\"share-twitter sd-button share-icon no-text\" href=\"https:\/\/vlasovapawlica.de\/?page_id=1030&amp;share=twitter\" target=\"_blank\" title=\"Klick, um \u00fcber Twitter zu teilen\"><span><\/span><span class=\"sharing-screen-reader-text\">Klick, um \u00fcber Twitter zu teilen (Wird in neuem Fenster ge\u00f6ffnet)<\/span><\/a><\/li><li class=\"share-facebook\"><a rel=\"nofollow noopener noreferrer\" data-shared=\"sharing-facebook-1030\" class=\"share-facebook sd-button share-icon no-text\" href=\"https:\/\/vlasovapawlica.de\/?page_id=1030&amp;share=facebook\" target=\"_blank\" title=\"Klick, um auf Facebook zu teilen\"><span><\/span><span class=\"sharing-screen-reader-text\">Klick, um auf Facebook zu teilen (Wird in neuem Fenster ge\u00f6ffnet)<\/span><\/a><\/li><li class=\"share-end\"><\/li><\/ul><\/div><\/div><\/div>","protected":false},"excerpt":{"rendered":"<p>Fotos &amp; Video: De-Da Productions Premieren: 10.09.2020 Frankfurt, 30.10.2020 Hannover, 10.09.2021 D\u00fcsseldorf EINE KOPRODUKTION VON VLASOVA \/ PAWLICA MIT LANDUNGSBR\u00dcCKEN FRANKFURT, KINDERTHEATERHAUS HANNOVER UND DER EVANGELISCHEN EMMAUS GEMEINDE D\u00dcSSELDORF Gef\u00f6rdert durch Hessisches Ministerium f\u00fcr Wissenschaft und Kunst, Landeshauptstadt Hannover Kulturb\u00fcro, Kulturamt der Stadt Frankfurt am Main, Ministerium f\u00fcr Kultur und Wissenschaft des Landes NRW, NRW&hellip;<\/p>\n<div class=\"sharedaddy sd-sharing-enabled\"><div class=\"robots-nocontent sd-block sd-social sd-social-icon sd-sharing\"><h3 class=\"sd-title\">Teilen mit:<\/h3><div class=\"sd-content\"><ul><li class=\"share-twitter\"><a rel=\"nofollow noopener noreferrer\" data-shared=\"sharing-twitter-1030\" class=\"share-twitter sd-button share-icon no-text\" href=\"https:\/\/vlasovapawlica.de\/?page_id=1030&amp;share=twitter\" target=\"_blank\" title=\"Klick, um \u00fcber Twitter zu teilen\"><span><\/span><span class=\"sharing-screen-reader-text\">Klick, um \u00fcber Twitter zu teilen (Wird in neuem Fenster ge\u00f6ffnet)<\/span><\/a><\/li><li class=\"share-facebook\"><a rel=\"nofollow noopener noreferrer\" data-shared=\"sharing-facebook-1030\" class=\"share-facebook sd-button share-icon no-text\" href=\"https:\/\/vlasovapawlica.de\/?page_id=1030&amp;share=facebook\" target=\"_blank\" title=\"Klick, um auf Facebook zu teilen\"><span><\/span><span class=\"sharing-screen-reader-text\">Klick, um auf Facebook zu teilen (Wird in neuem Fenster ge\u00f6ffnet)<\/span><\/a><\/li><li class=\"share-end\"><\/li><\/ul><\/div><\/div><\/div>","protected":false},"author":1,"featured_media":0,"parent":0,"menu_order":14,"comment_status":"closed","ping_status":"closed","template":"templates\/template-full-width.php","meta":{"_acf_changed":false,"spay_email":"","footnotes":""},"acf":[],"jetpack_likes_enabled":true,"jetpack_sharing_enabled":true,"jetpack_shortlink":"https:\/\/wp.me\/Pcv3L7-gC","_links":{"self":[{"href":"https:\/\/vlasovapawlica.de\/index.php?rest_route=\/wp\/v2\/pages\/1030"}],"collection":[{"href":"https:\/\/vlasovapawlica.de\/index.php?rest_route=\/wp\/v2\/pages"}],"about":[{"href":"https:\/\/vlasovapawlica.de\/index.php?rest_route=\/wp\/v2\/types\/page"}],"author":[{"embeddable":true,"href":"https:\/\/vlasovapawlica.de\/index.php?rest_route=\/wp\/v2\/users\/1"}],"replies":[{"embeddable":true,"href":"https:\/\/vlasovapawlica.de\/index.php?rest_route=%2Fwp%2Fv2%2Fcomments&post=1030"}],"version-history":[{"count":5,"href":"https:\/\/vlasovapawlica.de\/index.php?rest_route=\/wp\/v2\/pages\/1030\/revisions"}],"predecessor-version":[{"id":1139,"href":"https:\/\/vlasovapawlica.de\/index.php?rest_route=\/wp\/v2\/pages\/1030\/revisions\/1139"}],"wp:attachment":[{"href":"https:\/\/vlasovapawlica.de\/index.php?rest_route=%2Fwp%2Fv2%2Fmedia&parent=1030"}],"curies":[{"name":"wp","href":"https:\/\/api.w.org\/{rel}","templated":true}]}}

<div class="wp-block-columns alignwide is-layout-flex wp-container-core-columns-is-layout-1 wp-block-columns-is-layout-flex">
<div class="wp-block-column is-layout-flow wp-block-column-is-layout-flow">
<figure class="wp-block-image size-large tw-mb-0 tw-mt-0"><img loading="lazy" decoding="async" width="1024" height="683" data-attachment-id="961" data-permalink="https://vlasovapawlica.de/?attachment_id=961" data-orig-file="https://vlasovapawlica.de/wp-content/uploads/2020/06/3BCAD30B-2171-4CF1-8AE8-710B762E0790-scaled.jpeg" data-orig-size="2560,1707" data-comments-opened="0" data-image-meta="{&quot;aperture&quot;:&quot;2.8&quot;,&quot;credit&quot;:&quot;&quot;,&quot;camera&quot;:&quot;Canon EOS 5D Mark IV&quot;,&quot;caption&quot;:&quot;&quot;,&quot;created_timestamp&quot;:&quot;1599596941&quot;,&quot;copyright&quot;:&quot;&quot;,&quot;focal_length&quot;:&quot;70&quot;,&quot;iso&quot;:&quot;6400&quot;,&quot;shutter_speed&quot;:&quot;0.00625&quot;,&quot;title&quot;:&quot;&quot;,&quot;orientation&quot;:&quot;1&quot;}" data-image-title="3BCAD30B-2171-4CF1-8AE8-710B762E0790" data-image-description="" data-image-caption="" data-medium-file="https://vlasovapawlica.de/wp-content/uploads/2020/06/3BCAD30B-2171-4CF1-8AE8-710B762E0790-300x200.jpeg" data-large-file="https://vlasovapawlica.de/wp-content/uploads/2020/06/3BCAD30B-2171-4CF1-8AE8-710B762E0790-1024x683.jpeg" src="https://vlasovapawlica.de/wp-content/uploads/2020/06/3BCAD30B-2171-4CF1-8AE8-710B762E0790-1024x683.jpeg" alt="" class="wp-image-961" srcset="https://vlasovapawlica.de/wp-content/uploads/2020/06/3BCAD30B-2171-4CF1-8AE8-710B762E0790-1024x683.jpeg 1024w, https://vlasovapawlica.de/wp-content/uploads/2020/06/3BCAD30B-2171-4CF1-8AE8-710B762E0790-300x200.jpeg 300w, https://vlasovapawlica.de/wp-content/uploads/2020/06/3BCAD30B-2171-4CF1-8AE8-710B762E0790-768x512.jpeg 768w, https://vlasovapawlica.de/wp-content/uploads/2020/06/3BCAD30B-2171-4CF1-8AE8-710B762E0790-1536x1024.jpeg 1536w, https://vlasovapawlica.de/wp-content/uploads/2020/06/3BCAD30B-2171-4CF1-8AE8-710B762E0790-2048x1365.jpeg 2048w, https://vlasovapawlica.de/wp-content/uploads/2020/06/3BCAD30B-2171-4CF1-8AE8-710B762E0790-1200x800.jpeg 1200w, https://vlasovapawlica.de/wp-content/uploads/2020/06/3BCAD30B-2171-4CF1-8AE8-710B762E0790-1980x1320.jpeg 1980w, https://vlasovapawlica.de/wp-content/uploads/2020/06/3BCAD30B-2171-4CF1-8AE8-710B762E0790-1320x880.jpeg 1320w" sizes="(max-width: 1024px) 100vw, 1024px" /></figure>



<figure class="wp-block-embed is-type-video is-provider-vimeo wp-block-embed-vimeo wp-embed-aspect-16-9 wp-has-aspect-ratio"><div class="wp-block-embed__wrapper">
<div class="embed-vimeo" style="text-align: center;"><iframe loading="lazy" src="https://player.vimeo.com/video/460123909" width="800" height="450" frameborder="0" webkitallowfullscreen mozallowfullscreen allowfullscreen></iframe></div>
</div></figure>



<figure class="wp-block-image size-large"><img loading="lazy" decoding="async" width="1024" height="683" data-attachment-id="989" data-permalink="https://vlasovapawlica.de/?attachment_id=989" data-orig-file="https://vlasovapawlica.de/wp-content/uploads/2020/12/394.jpeg" data-orig-size="1280,854" data-comments-opened="0" data-image-meta="{&quot;aperture&quot;:&quot;4.5&quot;,&quot;credit&quot;:&quot;&quot;,&quot;camera&quot;:&quot;Canon EOS 5D Mark IV&quot;,&quot;caption&quot;:&quot;&quot;,&quot;created_timestamp&quot;:&quot;1599597304&quot;,&quot;copyright&quot;:&quot;&quot;,&quot;focal_length&quot;:&quot;70&quot;,&quot;iso&quot;:&quot;6400&quot;,&quot;shutter_speed&quot;:&quot;0.004&quot;,&quot;title&quot;:&quot;&quot;,&quot;orientation&quot;:&quot;1&quot;}" data-image-title="394" data-image-description="" data-image-caption="" data-medium-file="https://vlasovapawlica.de/wp-content/uploads/2020/12/394-300x200.jpeg" data-large-file="https://vlasovapawlica.de/wp-content/uploads/2020/12/394-1024x683.jpeg" src="https://vlasovapawlica.de/wp-content/uploads/2020/12/394-1024x683.jpeg" alt="" class="wp-image-989" srcset="https://vlasovapawlica.de/wp-content/uploads/2020/12/394-1024x683.jpeg 1024w, https://vlasovapawlica.de/wp-content/uploads/2020/12/394-300x200.jpeg 300w, https://vlasovapawlica.de/wp-content/uploads/2020/12/394-768x512.jpeg 768w, https://vlasovapawlica.de/wp-content/uploads/2020/12/394-1200x801.jpeg 1200w, https://vlasovapawlica.de/wp-content/uploads/2020/12/394.jpeg 1280w" sizes="(max-width: 1024px) 100vw, 1024px" /></figure>



<p><em>Fotos &amp; Video: De-Da Productions</em></p>
</div>



<div class="wp-block-column tw-mb-0 tw-mt-0 is-layout-flow wp-block-column-is-layout-flow" style="padding-top:0px;padding-right:0px;padding-bottom:0px;padding-left:0px">
<p><strong>Premieren:</strong> 10.09.2020 Frankfurt, 30.10.2020 Hannover, 10.09.2021 Düsseldorf</p>



<p><em>EINE KOPRODUKTION VON VLASOVA / PAWLICA MIT LANDUNGSBRÜCKEN FRANKFURT, KINDERTHEATERHAUS HANNOVER UND DER EVANGELISCHEN EMMAUS GEMEINDE DÜSSELDORF</em></p>



<p><strong>Gefördert durch Hessisches Ministerium für Wissenschaft und Kunst, Landeshauptstadt Hannover Kulturbüro, Kulturamt der Stadt Frankfurt am Main, Ministerium für Kultur und Wissenschaft des Landes NRW, NRW Landesbüro Freie Darstellende Künste</strong></p>



<p><em>Mit freundlicher Unterstützung der Alzheimer Gesellschaft Frankfurt</em></p>



<p>Zu verschwinden, plötzlich nicht mehr da zu sein, zu vergessen und selber in Vergessenheit zu geraten – das sind vielleicht die größten Ängste von uns Menschen. Die psychische Mechanik des Erinnerns ist derart komplex, dass darin so gut wie alles spezifisch Menschliche involviert und aneinander gekoppelt ist: Emotion, Bewusstsein, Geist, Verstand, Poesie. Erinnerung ist nicht einfach gleichzusetzen mit Gedächtnis, obwohl Erinnerung und Gedächtnis sich nicht trennen lassen. Erinnern ist vielmehr das Plündern des Gedächtnisses als Tätigkeit des Geistes mithilfe des Gehirns. Man könnte sagen: Das ganze Leben besteht aus Erinnern. Ohne Erinnerung ist eine persönliche Identität nicht möglich. Was geschieht aber mit uns, wenn die Erinnerungen verblassen und der Mensch eines Tages auf fast nichts mehr zurückgreifen kann, was ihn einst ausmachte. Wenn unsere geistige Lebensreise auf einmal zurück geht und das so perfekte Meisterwerk „der menschliche Körper“ den Geist aufgibt. Was bleibt mir noch, wenn nichts von mir mehr da ist?</p>



<p>Ein Tanztheater über das Vergessen und das Vergessen-werden.</p>



<p><strong>Musik:</strong> David Rojas nach Frederic Chopin</p>



<p><strong>Dramaturgie:</strong> Mareike Uhl</p>



<p><strong>Assistenz:</strong> Keith Chin</p>



<p><strong>Tanz:</strong> Rouven Pabst, Amadeus Pawlica</p>
</div>
</div>
<div class="sharedaddy sd-sharing-enabled"><div class="robots-nocontent sd-block sd-social sd-social-icon sd-sharing"><h3 class="sd-title">Teilen mit:</h3><div class="sd-content"><ul><li class="share-twitter"><a rel="nofollow noopener noreferrer" data-shared="sharing-twitter-1030" class="share-twitter sd-button share-icon no-text" href="https://vlasovapawlica.de/?page_id=1030&amp;share=twitter" target="_blank" title="Klick, um über Twitter zu teilen"><span></span><span class="sharing-screen-reader-text">Klick, um über Twitter zu teilen (Wird in neuem Fenster geöffnet)</span></a></li><li class="share-facebook"><a rel="nofollow noopener noreferrer" data-shared="sharing-facebook-1030" class="share-facebook sd-button share-icon no-text" href="https://vlasovapawlica.de/?page_id=1030&amp;share=facebook" target="_blank" title="Klick, um auf Facebook zu teilen"><span></span><span class="sharing-screen-reader-text">Klick, um auf Facebook zu teilen (Wird in neuem Fenster geöffnet)</span></a></li><li class="share-end"></li></ul></div></div></div>

<p>Fotos &amp; Video: De-Da Productions Premieren: 10.09.2020 Frankfurt, 30.10.2020 Hannover, 10.09.2021 Düsseldorf EINE KOPRODUKTION VON VLASOVA / PAWLICA MIT LANDUNGSBRÜCKEN FRANKFURT, KINDERTHEATERHAUS HANNOVER UND DER EVANGELISCHEN EMMAUS GEMEINDE DÜSSELDORF Gefördert durch Hessisches Ministerium für Wissenschaft und Kunst, Landeshauptstadt Hannover Kulturbüro, Kulturamt der Stadt Frankfurt am Main, Ministerium für Kultur und Wissenschaft des Landes NRW, NRW&hellip;</p>
<div class="sharedaddy sd-sharing-enabled"><div class="robots-nocontent sd-block sd-social sd-social-icon sd-sharing"><h3 class="sd-title">Teilen mit:</h3><div class="sd-content"><ul><li class="share-twitter"><a rel="nofollow noopener noreferrer" data-shared="sharing-twitter-1030" class="share-twitter sd-button share-icon no-text" href="https://vlasovapawlica.de/?page_id=1030&amp;share=twitter" target="_blank" title="Klick, um über Twitter zu teilen"><span></span><span class="sharing-screen-reader-text">Klick, um über Twitter zu teilen (Wird in neuem Fenster geöffnet)</span></a></li><li class="share-facebook"><a rel="nofollow noopener noreferrer" data-shared="sharing-facebook-1030" class="share-facebook sd-button share-icon no-text" href="https://vlasovapawlica.de/?page_id=1030&amp;share=facebook" target="_blank" title="Klick, um auf Facebook zu teilen"><span></span><span class="sharing-screen-reader-text">Klick, um auf Facebook zu teilen (Wird in neuem Fenster geöffnet)</span></a></li><li class="share-end"></li></ul></div></div></div>
